 Give o(k).
-4
Let c(o) = 2*o**2 + o - 2. Let i(w) = -w**3 - w**2 + w + 2. Let t be i(0). Suppose 3 = -3*k + 5*m - t*m, -1 = -4*k + 3*m. Suppose 5*d + k = -11. Determine c(d).
13
Let d(a) be the second derivative of -a**3/3 - 4*a**2 + 55*a. Give d(-7).
6
Let w be 1/(-3)*3 - -3. Let j(s) = 2*s**3 + 3 + 35045*s - 35046*s - 2*s**2 - 1. What is j(w)?
8
Let t(m) = -m**3 + 4*m**2 + 5*m + 7. Let p(b) = 3*b - 60. Let h be p(11). Let v = 32 + h. Determine t(v).
7
Let b(n) = n**3 - 15*n**2 + n - 11. Let t(x) = 2*x**3 - 2*x**2 + 6*x - 5. Let c be t(2). Give b(c).
4
Let a(d) = -d**3 + 11. Let c = 1466 - 1466. What is a(c)?
11
Let o(f) = -f**2. Let y(t) = t**2 - 7*t + 4. Let j be y(7). Suppose -j*c = -3*p - 11, -5*c - p - 2*p = -7. Suppose 0 = s - c + 5. Give o(s).
-9
Let m(r) = r**2 - 4*r - 5. Let a be 0/(-2 - (-9 + 6)). Calculate m(a).
-5
Let y(t) be the first derivative of 1 + 109*t**2 + 2*t - 2 - 110*t**2. Determine y(3).
-4
Suppose -3*f + k = 5 + 2, -4*f = 2*k - 4. Let u(l) = 31*l - 1. Calculate u(f).
-32
Let b be -3 - (((-12)/4 - 12) + 6). Let x(y) = -y**3 + 6*y**2 + 5*y - 13. Let v(l) = l**3 - 6*l**2 - 4*l + 12. Let r(z) = -5*v(z) - 4*x(z). Give r(b).
-8
Let w(d) = -19*d**2 - d. Suppose -5*x - 143 = -2*m, -2*m = 4*x + 142 - 24. Let v = -25 - x. Suppose -4*a - v = -0. Calculate w(a).
-18
Let q(n) be the second derivative of -n**4/12 - n**3/2 - 5*n**2/2 + 8*n. Let a be q(-2). Let l(s) = 3*s + 0 - 2 - 3 + 3 + s**2. Give l(a).
-2
Let z(h) = -4*h + 3. Let m(r) = 0 + 1 + 3 - r - 3. Let v(f) = 6*m(f) - 2*z(f). Determine v(1).
2
Let q(y) = -3*y - 5 - y + 6*y - 9. Let p be ((-3)/15 - 18/10)*-4. Let h be q(p). Let k(t) = -t + 2. Give k(h).
0
Let q(s) be the first derivative of -s**3/3 + 4*s**2 - 8*s - 2. Let g(k) = k**2 - 18*k + 38. Let l be g(16). What is q(l)?
4
Let f(z) be the second derivative of -1/20*z**5 + 0*z**3 - 7*z - 1/2*z**2 + 0 + 1/3*z**4. Let y be (-9)/6*-2 + 0. What is f(y)?
8
Let f(s) be the third derivative of s**5/60 - s**4/12 + s**3/6 - 94*s**2. Determine f(-5).
36
Let c(g) = 9*g**2 + 13*g + 5. Let d(b) = -b**3 + 25*b**2 + 36*b + 13. Let u(k) = 8*c(k) - 3*d(k). Determine u(-2).
-27
Suppose -5*p = -473 + 488. Let u(r) = 10*r + 1. Let z(x) = -x. Let i(k) = u(k) + 6*z(k). Give i(p).
-11
Let n(m) be the second derivative of 5*m**3/6 + 3*m - 2. Determine n(-4).
-20
Let a(x) = -x - 65. Let l(i) = -29. Let j(c) = 3*a(c) - 5*l(c). Calculate j(-15).
-5
Let p be 6/(-4)*56/(-21). Let s(n) = -3 + p + 50*n - 51*n. Give s(0).
1
Suppose 3*f - 11 = 4*d, -5*f = 5*d - 47 - 18. Suppose -14*k + f*k = 0. Let s(q) = -5 - 2*q**3 + q - q**2 + 3*q**3 + 0*q**3. Give s(k).
-5
Let z be 68/(-12) - 6/(-9). Let q(x) = 6*x**2 - x + 7. Let t(n) = -5*n**2 - 6. Let k(s) = z*t(s) - 4*q(s). Calculate k(-4).
2
Let d(h) = 4*h - 4. Suppose -2*t + 4 + 0 = 0. Suppose t*p - 5*o = 24 - 1, 5*p - 4*o = 49. Suppose -25 = -4*n - p. Calculate d(n).
12
Let q(h) = 3*h. Let d(z) = -1. Let o(m) = m + 1. Let g(j) = 3*d(j) + o(j). Let y be g(4). Calculate q(y).
6
Let y(p) = -15*p - 7. Suppose 4*c + 4*h - 23 = -19, -4*c + 10 = h. Determine y(c).
-52
Suppose -23*g + 25*g - 5*n - 29 = 0, 0 = 2*g + 4*n - 2. Let a(l) = -l + 16. Give a(g).
9
Let x(q) = 3*q - 25. Let k be x(10). Suppose k*i = -4*b - 30, -4*b + 0*b = 2*i + 12. Let f(j) = j**3 + 7*j**2 + 6*j - 1. Determine f(i).
-1
Let q = 165 - 172. Let b be 1 - (-4 + 3 + -1). Let l(z) = -8*z**2 - 2*z**3 + z**b + 9 - 6*z + 0. Give l(q).
2
Let l = -2238 - -2243. Let f(m) = -12*m + 8. Calculate f(l).
-52
Let k(z) = -z**2 - 3*z - 4. Let s = -678 + 672. Give k(s).
-22
Let l be ((-14)/(-7))/(-6) - (-25)/3. Suppose 0 = l*p - 15*p - 7. Let v(u) = 10*u**3 - u**2 + 1. What is v(p)?
-10
Suppose 2*b + 10 = -3*b. Let r be b - (0 + 28/(-4)). Let s(u) be the second derivative of -u**5/20 + u**4/2 - 7*u**3/6 + 3*u. Determine s(r).
-10
Let i(s) be the first derivative of s**6/60 + s**5/120 + s**4/24 + 11*s**3/3 - 6. Let l(q) be the third derivative of i(q). Calculate l(-1).
6
Let l(r) = -9*r - 2. Let p be (12 - 13)*(-2 + 1). Let a(h) = h + 1. Let b(q) = p*l(q) + 6*a(q). Determine b(5).
-11
Let q(t) be the first derivative of 1 - 5/2*t**2 + 1/3*t**3 - 7*t. Let g be 5/((-15)/(-5) + -2). Determine q(g).
-7
Let w(n) = -7*n**3 + n**2 - n. Let f = 308 + -307. What is w(f)?
-7
Let u = -9 + 2. Let f(z) be the third derivative of -z**4/24 + z**3/2 - 2*z**2 + 21*z. What is f(u)?
10
Let w(d) = d**3 + 4*d**2 - 10*d + 3. Suppose 1 + 17 = -3*t + 4*n, -t - 6 = -n. Calculate w(t).
-9
Suppose 9 = 6*h - 21. Let g(i) = -i**3 + 5*i**2 - i + 2. Determine g(h).
-3
Let a be (1/1 - 1)*2/(-4). Suppose v - 2 = f - 0, 0 = -4*f - 4*v + 32. Let p(o) = -7 - 6*o**2 + f*o**2 + 2*o**2 + o + 0. Give p(a).
-7
Let f(q) = q**2 + 7*q + 4. Let w be f(-3). Let g = 19 + w. Let d = g + -7. Let y(u) = 2*u - 2. Determine y(d).
6
Let c(x) = x**3 - 4*x**2 - 5*x - 6. Let d = 32 + -47. Let j = 20 + d. Give c(j).
-6
Suppose 49*i - 35 = 54*i. Let b(j) = j**2 + 12*j - 3. Let d(g) = -g**2 - 13*g + 2. Let l(f) = 5*b(f) + 4*d(f). Calculate l(i).
-14
Let j(z) = 2*z - 17. Let q(t) = -t**3 - 12*t**2 - 19*t - 78. Let l be q(-11). Give j(l).
3
Suppose 0*x - 25 = -5*x. Suppose -x*p = -6*p. Suppose -j - 1 + 2 = p. Let r(q) = -q**3 - 2*q**2 + q. Determine r(j).
-2
Let h(o) = 2*o - 7. Let y(q) = -q**2 + 3*q + 3. Let b be y(2). Let z(m) = -m + 1. Let x(u) = b*z(u) + h(u). Give x(-2).
4
Let x(a) = 0 - 11365*a**3 + 11364*a**3 + 3*a - 4*a**2 - 16. Give x(-5).
-6
Suppose -2*r + 5*d - 29 = 0, 0 = -28*r + 33*r - d + 15. Let y(s) be the third derivative of -s**4/8 + 5*s**2. Give y(r).
6
Let n(q) = -q**3 + 3*q**2 + 7*q + 1. Let p(z) = -15*z - 115. Let w be p(-8). What is n(w)?
-14
Let v = -30 - -39. Suppose -3*s + 3 = -v. Let n be 2/4 + (-18)/s. Let b(g) = g**2 + 3*g + 2. Calculate b(n).
6
Let x = 0 + 5. Let o = 199 + 47. Let m(w) = -3*w - 2 + 5*w**2 + o*w**3 + 0*w - 247*w**3 + 3. What is m(x)?
-14
Let o(t) = -2337*t + 127 + 2357*t - 128. Suppose 2*b + 7 = n + 1, -4*n + 20 = -4*b. What is o(b)?
-21
Let h(b) = b**3 - 12*b**2 - 14*b + 8. Let o = 9 - -4. Calculate h(o).
-5
Let l(s) = -s**3 + 7*s**2 + 9*s - 3. Suppose -3*f + 15 = 2*f. Let w(v) = -8*v + 4. Let p(h) = 7*h - 4. Let r(y) = 4*p(y) + 3*w(y). Let o be r(f). What is l(o)?
5
Let s(q) be the first derivative of q**4/12 - 7*q**3/6 - 7*q - 10. Let o(k) be the first derivative of s(k). Give o(6).
-6
Let m(n) be the second derivative of n**5/20 + 7*n**4/12 + 4*n**3/3 - 2*n**2 - 27*n. Give m(-6).
-16
Let t(c) = -c**3 - 7*c**2 - 8*c + 4. Let s = -74 + 68. Calculate t(s).
16
Let z(u) = 24*u - 9*u - 7*u - 17*u + 5 - u**2. Determine z(-10).
-5
Suppose -37 = -4*a + 5*m, 3*a + 3*m - m + 1 = 0. Suppose -4*x - 2*l + 22 = 0, -5 = -a*x - 5*l + 8. Let g(q) = -2*q + 3. Determine g(x).
-9
Let n(x) = -19*x + 6 - x - 15 - 5*x**2. Let q(o) = 3*o**2 + 13*o + 6. Let h(f) = -5*n(f) - 8*q(f). Calculate h(5).
2
Suppose -5*x + 4*c - 23 = 0, -7 + 26 = -x - 4*c. Let f(m) = 7*m**3 - 8*m**3 - 10 + 3*m**2 + 7*m - 9*m**2. What is f(x)?
-10
Let k(h) = -h**3 + 11*h**2 - 6. Let j be (-2)/(-5) + (-53)/(-5). Calculate k(j).
-6
Let y(f) = f**2 - 6*f + 2. Suppose m + 16 = 5*m. Suppose 5*g - 38 = -m*j, 5*j = -g - g + 5. Let k(p) = 2*p - 16. Let q be k(g). Give y(q).
-6
Let g be (18/24)/(1/(-4)). Let s be 2/6*-1*g. Let p(f) = -f + 1. Let y(t) = 2*t - 2. Let l(c) = 9*p(c) + 4*y(c). Determine l(s).
0
Suppose 0*a = 4*a. Suppose -18*m + 32 = -2*m. Let u(w) = -4 + 5*w**m + 0*w**3 + 7*w - w**3 + a*w**3. Determine u(6).
2
Let a be (33/11)/(2 + -1 - 2). Let s(p) = -p**3 - 2*p**2 - 2*p - 1. Determine s(a).
14
Let a(y) = -8*y - 1. Suppose -77 = 11*u - 11. Let l(t) = 23*t + 3. Let i(m) = u*l(m) - 17*a(m). Give i(-3).
5
Let b be (-8)/(-6)*45/30. Let z(r) = 5*r**2 - 7*r + 9. Give z(b).
15
Suppose 0 = -5*y - 67 - 13. Let z = 22 + y. Let r(t) = -3 + 6*t**2 - t**3 + 0*t**2 + 8*t - 9*t. Calculate r(z).
-9
Let k(l) be the third derivative of 1/24*l**4 - 4/3*l**3 + 0 + 0*l + 9*l**2. What is k(4)?
-4
Suppose 0 = 2*t - 9 + 1. Let h(i) = 4*i**2 - i - 1. Let q(f) = -6*f**2 + 3*f + 3*f**2 - f. Let g(a) = -2*h(a) - 3*q(a). Determine g(t).
2
Let w(p) be the first derivative of -p**2 + 2*p + 55. What is w(-5)?
12
Let i(m) be the second derivative of -5*m**3/6 + m**2/2 + 666*m - 3. Suppose 0 = -4*j + 3*q + 5, 5*j + 4 - 13 = q. Give i(j).
-9
Let f(k)